 i = 14 + -12. Give z(i).
-6
Let m(r) = 5*r + 14*r - 22*r + 3 - 2. Determine m(2).
-5
Suppose 5*t = t + 20. Suppose -4*g + t + 3 = 0. Suppose 4*r + s = 2*r - 9, -5*s = g*r + 29. Let v(w) = -2*w - 2. Determine v(r).
2
Suppose 5*u = q - 35, -3*u - 8 = -5*q + 7*q. Let k(a) = a + 6. Determine k(u).
0
Let b = -22 + 21. Let z(m) = -m**3 - 2*m**2 - 2*m - 1. Give z(b).
0
Let a(p) = -p + 4. Suppose -25*v + 20*v = -20. Calculate a(v).
0
Let x(d) = -16*d**2 - 35*d - 29. Let l(j) = 3*j**2 + 7*j + 6. Let i(q) = -11*l(q) - 2*x(q). Calculate i(-6).
-2
Let g(l) = 0*l - 5*l + 1 + 2*l. Let n(r) = r - 4. Let f be n(6). Suppose 0 = -f*z - 4*v + 6, 3*z + z = -5*v + 6. Give g(z).
4
Suppose 2*q = -3*q + 10. Let d(v) = -2 - 3*v**2 + 0*v**2 + 4*v**2 - v - 2*v**q. Calculate d(-2).
-4
Suppose 0*c - 2*c + 2 = b, c - 2*b - 6 = 0. Let t(o) = -5*o + 4*o + c*o. Suppose 3*h + 2*h - 30 = 4*m, 3*m - 3*h + 21 = 0. What is t(m)?
-5
Let n(s) = -s**3 + 8*s**2 - 7*s - 5. Suppose -4 = -o + 2*a - 3*a, -4*o + 3*a = -37. What is n(o)?
-5
Suppose y + 7 = 2*r, 5*y + r - 20 = -0*r. Let b(i) = 5*i - y*i + 3*i - 4*i + 5. Calculate b(-5).
0
Let u(n) be the third derivative of n**6/120 - n**5/15 + n**4/12 + n**3/2 - n**2. Let b = -31 - -35. Give u(b).
11
Let p(y) = y**2 + 5*y - 5. Let x(b) = 5*b - 4*b + 1 - 3*b - 4*b. Let t be x(1). Determine p(t).
-5
Suppose 0 = -3*w + 3*r + 15, 0 = -0*w - 3*w - r - 5. Let t(n) be the first derivative of -n**4/4 - n**2/2 - 2*n + 1. Calculate t(w).
-2
Let s(l) be the first derivative of l**3/3 + 3*l**2 + 4*l + 27. Calculate s(-6).
4
Let y(v) = v**2 - v - 1. Let g(m) = -3*m**2 + 13*m + 12. Let r(p) = g(p) + 4*y(p). Give r(-6).
-10
Suppose 0 = -2*f + 5 + 1. Let s(c) = -5*c - f + 4*c - 2*c + 2*c. Let p be -1 - 3*(1 - 0). Calculate s(p).
1
Let x(z) = 4*z. Let d be (-72)/54 + (-2)/3. What is x(d)?
-8
Let w(x) be the first derivative of -x**4/6 + x**3/3 + 3*x - 2. Let p(q) be the first derivative of w(q). Determine p(2).
-4
Let i(x) = x**3 + x**2 + x - 1. Let k(d) = d**3 + d - 1. Let w(m) = -m**3 - 3*m**2 - 4*m + 4. Let z(o) = -2*k(o) - w(o). Let a(u) = 2*i(u) - z(u). What is a(1)?
2
Suppose 0 = f + 2*f + 12. Let q(t) = t**3 - 2*t**2 - 3*t + 1. Let s(w) = -w**3 + 3*w + w**2 - 1 - 1 + 1. Let l(x) = -4*q(x) - 5*s(x). Calculate l(f).
-3
Let f(k) = 28*k + 5 - k**3 - 22*k + 1 + 5*k**2 + 0. Let p = 3 - -3. What is f(p)?
6
Let i(b) be the second derivative of -b**3/6 - 3*b**2/2 - 25*b. What is i(-3)?
0
Let s = 2 - 3. Let c be 0 + s + 8/(-8). Let t(n) = -n**2 - n + 2. Give t(c).
0
Let m be 1/(0 + 2)*2. Let g(r) = r + m - r - r**2 - 3*r. Give g(-4).
-3
Let u be 6/8 + 10/8. Suppose -2*m + 3*o = -6, m - o - 1 = u. Let d(i) = -i**2 + 4*i - 3. Give d(m).
0
Let w(d) = -d**3 - 4*d**2 + 3*d - 1. Let y = -2 - -5. Let o = -2 + y. Let k be o - (7 - (2 + -1)). Give w(k).
9
Let q(w) = 0*w**2 - 8*w + 5*w**2 - 6*w**2 + 3*w. Let g(f) = f**2 + 6*f. Let h be g(-6). Let m(a) = a - 4. Let v be m(h). Give q(v).
4
Let r(i) = i**2 - 8*i + 14. Let w be r(5). Let y(o) = 6*o**3 + 2*o**2 - 1. Give y(w).
-5
Let z = -1/86 - -108/43. Let b(g) be the second derivative of 0 - z*g**2 + g - 1/3*g**3. Calculate b(-6).
7
Let c(p) = -37*p - 42*p + 4 + 78*p. Suppose 2*f - 10 - 15 = -5*m, -3*m = -2*f - 15. Calculate c(m).
-1
Let k be -8 + 6 - (-1 - 7). Let g(l) = k - 13 + 3*l + 4. Calculate g(3).
6
Let r = 0 - 0. Let v(k) = k**3 - 5*k**2 + 7*k + 4. Let l(t) = t**3 - 6*t**2 + 8*t + 5. Let a(s) = -6*l(s) + 7*v(s). What is a(r)?
-2
Let g(t) be the third derivative of t**5/120 + t**4/24 + t**3/2 - t**2. Let q(l) be the first derivative of g(l). What is q(-3)?
-2
Let t(z) = -z**2 - 7*z - 4. Let a(c) = c**2 + 7*c + 4. Let l(q) = 6*a(q) + 5*t(q). Suppose 4*m - x + 13 = 0, -x + 3*x + 13 = -5*m. Give l(m).
-8
Let d(c) = 3*c**3 + 4*c**2 + 5*c - 7. Let y(n) = -7*n**3 - 7*n**2 - 11*n + 14. Let z(j) = -5*d(j) - 2*y(j). Let a = 206 + -211. What is z(a)?
-3
Let f(b) = b**3 + 3*b**2 + 3. Let m be f(-3). Let g(k) = -4*k + 2*k + k - m + 2. Give g(4).
-5
Let b(w) = -2*w**2 + 3*w. Let k be 5*(32/(-20) - -2). Suppose 6*h - 8 = k*h. What is b(h)?
-2
Let w(p) = -29*p - 24*p + 1 + p**3 - 7*p**2 + 54*p. Calculate w(7).
8
Let r be (0 - 2)*2/(2 + 2). Let p(g) = -5*g**3 - g**2 - g. Calculate p(r).
5
Suppose 4 = -2*j + 3*z + z, 16 = -5*j + 4*z. Let n(v) = v**3 + 6*v**2 + 3*v - 5. Give n(j).
15
Let n be 1 + 1/((-2)/8). Let k(a) = a**2 - a. Let o(d) = -4*d**2 + 5*d - 1. Let b(q) = -9*k(q) - 2*o(q). What is b(n)?
-4
Let i = -129 + 132. Let u(p) = 2*p - 8. Let n(y) = -y + 3. Let f(l) = 17*n(l) + 6*u(l). Calculate f(i).
-12
Suppose -1 = s + 2. Let z(d) = d**3 + 9*d**2 - 7*d - 4. Let w(x) = x**2 - x - 1. Let a(m) = -6*w(m) + z(m). Give a(s).
5
Let u(s) = s + 1. Let j(w) = 2*w. Let f(x) = -2*j(x) + 2*u(x). Let c be 4/2 + 0/2. Suppose -c*i + 1 = -3. Give f(i).
-2
Let n(j) = -3 + 4*j**2 + 3*j - 2*j + 9 - 5*j**2. Suppose -3*s + q + 5 = -4*q, -3 = s + 3*q. Suppose -2*y = -s*y. Give n(y).
6
Let t(d) = 5*d - 8*d**2 + 10 - 9 - 5*d. Determine t(1).
-7
Let l(q) = q + 7. Let u(b) = b**2 + 11*b - 6. Let g be u(-11). Give l(g).
1
Let w(l) = 2*l**2 - 2*l - 4. Let f be 8 + (-5 - (2 + -2)). Give w(f).
8
Let i(d) = d**3 - 8*d**2 + 7*d + 1. Let b be i(7). Let h = b - -1. Let f(g) = -4*g + 3 - h*g + g - 4. Determine f(-2).
9
Let y(z) = z**2 + 6*z + 2. Suppose 8 = 2*x + 2*x. Suppose f + 3*g + 26 = -g, 5*g = x*f - 13. Let q be 28/f - 6/(-9). What is y(q)?
-6
Let v(y) = y**3 + y - 2. Let s = 39 - 37. Let q(k) = k - 2. Let b be q(4). Suppose -b*i = -s, -4*t = -t - i - 5. Calculate v(t).
8
Let x(o) be the second derivative of o**3/6 - 16*o. Determine x(4).
4
Let a(g) = g**3 + 5*g**2 + 4*g + 2. Let h be 0/(-1) + (0 - 0). Let w be (-3 - h)*4/3. Determine a(w).
2
Let c(w) = -4*w - w + 6*w + 4*w. Let u(r) = -r**2 - 1. Let o be u(1). Let y = o - -3. Calculate c(y).
5
Let v(p) be the first derivative of -p**3/3 - 2*p**2 - 6*p + 1. Let c(d) = d**2 - 3*d - 4. Let j be c(3). What is v(j)?
-6
Let i(r) = r**2 - 8*r + 2. Let g be i(8). Let c(s) = -2 - 1 - 2*s**g + 2 + s. Give c(1).
-2
Let m = 25 - 29. Let v(h) = 4*h + 5. Let z(q) = -7*q - 9. Let g(d) = -5*v(d) - 3*z(d). Determine g(m).
-2
Suppose 8*l - 16 = 6*l. Suppose -l = -2*x - 4*q, 5*q - 2*q - 13 = 2*x. Let u(r) = 3*r**2 - r + 1. Determine u(x).
15
Let v(b) = 4*b**2 + 4*b - 7. Let c(y) = 3*y**2 + 5*y - 5. Let w(l) = -3*c(l) + 2*v(l). Give w(-6).
7
Let u(o) = -o**3 + 0*o**2 + o - 3*o**2 + 2*o**2. Let k(v) = -3*v**3 - 8*v**2 - 5*v - 2. Suppose 2*j + 1 = 5. Let d(a) = j*u(a) - k(a). Give d(-5).
-8
Let w(a) = a**2 + 2 + 2 + 16*a - 9*a. Give w(-5).
-6
Let r(h) be the second derivative of -h**6/360 - h**5/24 - h**4/12 + h**3/3 - 5*h. Let k(n) be the second derivative of r(n). What is k(-4)?
2
Let u(x) = -1 + 0 + 0*x + 7*x. Let f(h) = h**3 + 6*h**2 - 13*h - 43. Let k be f(-7). What is u(k)?
-8
Let k(h) = 3*h + 1. Suppose 0 = 4*u + 17 + 3. Let d be 4/u - (-30)/(-25). What is k(d)?
-5
Let u(n) = 2*n**2 - 13*n**2 - n**3 - 2 + 6*n**2 - 4*n. Give u(-4).
-2
Let b(t) = -t + 1. Let f(k) = 2*k - 3. Let z(x) = 8*b(x) + 3*f(x). Calculate z(-2).
3
Let a(j) be the first derivative of j**6/40 + j**5/60 - j**4/12 + j**3/6 - j**2/2 + 1. Let h(u) be the second derivative of a(u). Calculate h(1).
3
Let w(z) = 2*z - 1. Suppose l = -4*l + 180. Suppose 0 = 4*r - 0*j + 5*j - l, -r + 4*j = 12. Suppose -4*s = i - 18, 0 = s + 3*s + r*i - 12. What is w(s)?
9
Let q(c) = -c + 4. Let i be q(0). Let m(r) be the first derivative of r**4/4 - 4*r**3/3 + r**2 - 2*r - 2. Give m(i).
6
Suppose 5*l + 10 + 10 = 0. Let g(y) be the first derivative of y**2 + 5*y - 8. What is g(l)?
-3
Let b be 12/10*(-30)/(-9). Let c(a) = -4*a**2 + a**3 + 4*a**2 + b*a**3. What is c(1)?
5
Let t(j) = j**2 + 5*j - 3. Suppose -48 = -4*c + 12*c. What is t(c)?
3
Let r = -15 - -17. Let g(w) be the third derivative of 1/24*w**4 - 1/60*w**5 + 0 + 0*w + w**r + 7/6*w**3 - 1/120*w**6. Calculate g(0).
7
Suppose 3*s + s = 2*l - 30, 0 = -4*l + 5*s + 48. Let d(c) = c**3 - 8*c**2 + 7*c + 8. Determine d(l).
8
Let y(f) = 9*f**2 + 21*f + 16. Let z(k) = 5*k**2 + 11*k + 8. Let l(h) = -6*y(h) + 11*z(h). Calculate l(7).
6
Suppose 0 = 2*f + 2*d, 4*f - d - 15 = -0*d. Suppose -3*s - 6 = 0, 4*s = -u + 3*u - 12. Suppose -u*q + f = q. Let i(v) = 8*v**2 - 1. Give i(q).
7
Let v(t) = -t + 4. Let n be v(0). Let p(m) = -